+ 5 = -5*d, 3*l = 5*d - 19. Let m(z) = -1 + z - 5 - d*z**2 + 2*z**2 + z**2. Calculate m(0).
-6
Let j(x) = 2*x**2 - 5*x - 14. Let d(b) = -b**2 + 2*b + 7. Let y(k) = -5*d(k) - 2*j(k). Determine y(0).
-7
Let f(d) = 3*d**2 - d - 1. Let w(q) = -7*q**2 + 2*q + 1. Let l(o) = -5*f(o) - 2*w(o). What is l(0)?
3
Let g(c) = c**2 + 2*c - 7. Suppose 0 = -2*p - 3 - 7. Calculate g(p).
8
Let h = -3 - -5. Let w(g) = g**3 + 0*g - g**h + 1 + g + 0*g. Let r(m) = m**3 + 7*m**2 - 8*m. Let q be r(-8). Determine w(q).
1
Let k(r) = -1 - 4*r + 0*r + 5*r. Let c(i) = i - 1. Let x(j) = -2*c(j) + 4*k(j). What is x(-2)?
-6
Let p be (7/(-4))/(2/8). Let n = 13 - 16. Let b = n - p. Let h(c) = c**3 - 4*c**2 - c - 1. Give h(b).
-5
Suppose 5*y = 2*z + 3*y - 14, -4*z = 3*y. Let i(r) = 7*r - 5 + 2*r**2 - z - r**3 + 3. Suppose 2*a + 24 = 5*g, 0 = 2*a + 4. Calculate i(g).
-9
Let x = -6 - -10. Let o(u) = u**3 - 7*u**2 + 5*u + 8. Let g be o(6). Let h(r) = 4*r - 2 - 6*r - g*r + 5*r. Give h(x).
2
Let m(v) = -v**3 - 6*v**2 - 2*v - 5. Let y be (-5)/(5/(-6)) - -3. Suppose -p - 1 = 0, 2*b + 0*p + y = 3*p. Calculate m(b).
7
Let g(x) = -x**2 - 4*x + 4. Let s be g(-4). Suppose -s*o - d = 3, 0*o = -5*o - d - 4. Let t(w) be the second derivative of -w**4/3 + w**2/2 + 8*w. What is t(o)?
-3
Let a = -29 + 30. Let i(r) = -10*r**2 + 2*r - 1. Give i(a).
-9
Let m(i) = -88*i**3 + 90*i**3 + 3*i + 8*i**2 - 4*i**2. Give m(-2).
-6
Let c(p) = -p + 3. Let s be c(-3). Let u(v) = 2 - s*v + 3*v - v**3 + 3*v**2 + v. What is u(3)?
-4
Let y(l) be the first derivative of -3*l**2/2 + 19. Suppose -5*v = -5 - 0. Give y(v).
-3
Let n(y) = y - 1. Let r(a) = a - 5. Let v = 3 + 5. Let b be r(v). Suppose -b*u = 3 + 6. What is n(u)?
-4
Let d(s) be the second derivative of -s - 1/2*s**2 - 1/6*s**3 + 0. Give d(0).
-1
Let p(h) = -h + 15. Let q be p(13). Let t(o) = 8*o - 2. What is t(q)?
14
Suppose -4 = -4*i, 4*i - 3 = 4*l + 1. Suppose q + q + 6 = l. Let u(k) be the second derivative of k**4/12 + 2*k**3/3 + k**2 + 3*k. Calculate u(q).
-1
Let y(r) be the third derivative of -r**6/720 + r**5/12 - r**4/6 + 4*r**2. Let a(u) be the second derivative of y(u). Suppose 0 = -2*o - 3*o + 25. What is a(o)?
5
Let c = -60 - -241/4. Let s(i) be the first derivative of -2*i**2 + i + c*i**4 - 1 - 2/3*i**3. Give s(3).
-2
Let l(i) = i - 6. Let m be ((-14)/4)/(-1)*2. Determine l(m).
1
Let x be -3*(-1)/3 + 0. Let w(v) = -v - 1. Determine w(x).
-2
Let p(k) = 13 + 2*k**2 - 27*k + 14*k + 16*k. Let y(g) = g**2 + g + 6. Let q(h) = 4*p(h) - 9*y(h). What is q(3)?
-2
Let q be 4/14 + (-90)/21. Let u = 9 + q. Let l(v) = v - 1. Calculate l(u).
4
Let a(d) = d**2 - 5*d - 6. Let i be a(5). Let g(n) = -n**3 - 7*n**2 - 7*n - 2. Give g(i).
4
Suppose 4*k - k = 6. Let n(r) = 4*r - 2*r**2 - 3 + 3*r**2 - 3*r**k. Suppose -3*o - 20 = -5*q - 5*o, -4*o + 12 = -4*q. Give n(q).
-3
Let d(r) be the third derivative of r**9/60480 + r**8/20160 + r**7/5040 + r**6/180 + r**5/10 + 7*r**2. Let s(h) be the third derivative of d(h). What is s(0)?
4
Let u(y) = -1. Let j(z) = -z - 3. Suppose -7*m = -3*m + 12. Let t(n) = m*j(n) + 8*u(n). Determine t(1).
4
Let m(t) = -t**2 + 2*t. Let r = -26 + 29. Give m(r).
-3
Let p(q) = 15*q**2 - 16*q + 10. Let a(c) = -7*c**2 + 8*c - 5. Let z(i) = -13*a(i) - 6*p(i). Calculate z(6).
-7
Let b(f) = -f + 2. Let x be b(0). Suppose -x*z = -5 + 1. Let r(h) = h - 8*h + 2*h**2 - 4 - 3*h**z. What is r(-5)?
6
Let y(q) = -20*q + 3*q**3 + 26*q - 5*q**2 - 2*q**3 - 2. What is y(4)?
6
Let d(j) = -j**2 - j - 1. Let l be 8/(-4) - (-5 + 0). Let y = l + -1. Determine d(y).
-7
Let b(j) be the first derivative of 2 + 1/2*j**2 + 3*j. Suppose 4*s + 2*a + 6 = -20, 5*a = 2*s - 17. Calculate b(s).
-1
Let g(h) = -h**3 + 2*h**2 + 5*h - 4. Let t be g(3). Suppose 11 = 2*v - 5*z + t*z, -4*v - 4*z = 28. Let y(f) = -f + 2. What is y(v)?
4
Let i be 7 - 2/(-2 + 3). Let v(z) be the second derivative of z**5/20 - 5*z**4/12 + z**3/6 + 7*z**2/2 + z. Determine v(i).
12
Let y(j) be the third derivative of -j**6/120 + j**5/15 - 2*j**3/3 + 2*j**2 - 11. Give y(3).
5
Let t(m) = -m**3 - 4*m**2 + 4*m - 3. Let s be t(-5). Let h(b) = 26*b - 24*b + 1 + 2*b**2 + s. Give h(-2).
7
Let g(h) = 874*h - 872*h + 0 - 3. What is g(2)?
1
Let g be -7*1 - (7 - 7). Let v(z) = -z**2 - 7*z - 7. What is v(g)?
-7
Let m(d) = -d - 6. Let v be -3 - 1/(3/(-6)). Let l be 0 - v - (2 - 1). Determine m(l).
-6
Suppose 0 = -3*c - 5*o - 12 + 3, -3*c + o = -9. Let x(b) = -3 + 3*b - 13*b**2 + 4*b - 4*b + 12*b**2. Give x(c).
-1
Let p(u) = u**3 - 2 + 11 + 2*u + 5*u**2 - 4. Give p(-5).
-5
Let q(r) = -4*r**2 - 6*r + 3. Let g(v) = 11*v**2 + 17*v - 9. Let z(u) = -3*g(u) - 8*q(u). Give z(-3).
3
Let v be (-106)/22 + 10/(-55). Let b = v - -6. Let w(o) = -4*o**3 - o + o - o. Calculate w(b).
-5
Let o = 78 - 78. Let w(l) = l**2 - l. Determine w(o).
0
Let g(f) = f**3 + 4*f**2 - 2. Suppose -5*n + 8*n + 3*h = 6, 3*n = -4*h + 7. Let y = -5 + n. Calculate g(y).
-2
Let w be 36/28 + 2/(-7). Let j = w + 1. Let c(o) = 0 + j + 2 + 1 + o. Calculate c(-6).
-1
Let w(x) = -5*x**2 - 11*x - 2. Let l(k) = 3*k**2 + 6*k + 1. Let c(n) = 7*l(n) + 4*w(n). Determine c(3).
2
Let g(v) = -v**2 - 6 - 6*v**2 + 7*v + v**3 + v**2. Let x(j) = -j**2 - 4*j + 1. Let d be x(-5). Let k be (-10)/(-40) - 19/d. Determine g(k).
4
Let a be 26/(-7) - 2/7. Let c be ((-2)/a)/((-3)/(-18)). Let v(g) = -3*g**3 + 2*g**3 - 3*g**2 - g - c - g. Give v(-3).
3
Let z(y) be the first derivative of y**2/2 + 5*y + 9. Let x be z(-5). Let m(n) = n**2 - n - 1. What is m(x)?
-1
Let g = -18 + 21. Suppose 0 = g*d - 4 - 11. Let h(o) = -2*o + 2. What is h(d)?
-8
Let s(i) = 17*i + 2*i**2 - 19*i - i**3 + 5*i**2 + 9. Let w be 14/(2 - (-1 - -1)). Let a be s(w). Let m(v) = v**2 + 4*v + 2. Give m(a).
7
Suppose d - 4*r = -0*r - 9, -2*d - 3*r + 15 = 0. Let h(m) = 2*m + 11. Let a(i) = 3*i + 16. Let c(s) = 5*a(s) - 7*h(s). What is c(d)?
6
Let y be 3/(-2)*(-4 - -2). Let v(q) = -q**3 + 3*q**3 - q**y + 0*q - q. Determine v(-1).
0
Let s(t) be the second derivative of t**5/20 + t**4/12 - 31*t. Suppose 0 = r + 4*r. Calculate s(r).
0
Let l be 4 + 0 + 160/(-16). Let u(o) = -o + 1. What is u(l)?
7
Let r(j) = -j**2 + 9*j + 14. Let o be r(10). Let s(d) = o*d - d**2 + d + d - 1 + 0. Give s(6).
-1
Let m(t) be the third derivative of t**8/20160 - t**7/5040 - t**6/180 - t**5/60 + 2*t**2. Let i(h) be the third derivative of m(h). Give i(4).
8
Let q(l) = -l**3 + 4*l**2 + 4*l - 6. Suppose 0*j + j + 3 = 3*c, -4*c - 3 = j. Suppose 0 = -c*o + o - 4. Calculate q(o).
10
Let z be (-351)/45 - (-2)/(-10). Let t be 20/z*2 + 1. Let w(r) = -r**2 - 4*r - 2. Give w(t).
-2
Let d(o) be the third derivative of o**5/60 + o**4/3 - o**3/2 + 5*o**2. Give d(-9).
6
Let y(b) = -b**3 - 3*b**2 + 6*b + 5. Let m be y(-4). Let n(s) be the third derivative of 2/3*s**3 + 0*s + 6*s**2 + 0 + 1/12*s**4. Give n(m).
-2
Let z(q) = -7*q - 1. Let u(d) = 5*d**3 - 2*d**2 + 2*d - 1. Let w be u(1). Suppose 10 = 2*j - 10. Suppose -f - 23 = -w*i - j, -3*i = -f - 10. Determine z(f).
6
Let g(d) = d**3 - 6*d**2 - d. Suppose 0*p = 5*f + 3*p + 42, -f - 4*p - 22 = 0. Let w = f + 6. Suppose -18 = -3*k - 3, w = o + 5*k - 31. Determine g(o).
-6
Let u(a) be the first derivative of a**3/6 + 3*a**2 - 2*a - 4. Let z(p) be the first derivative of u(p). What is z(-7)?
-1
Suppose t + x + 5 = 4, -5*x = 4*t + 9. Let b(o) = o - 1. Let i(v) = 3*v - 1. Let y(j) = t*b(j) - 2*i(j). What is y(-5)?
8
Suppose -4*d + 2*d - 10 = 0. Let r = d - -5. Let w(z) = z**2 - z + 3. Determine w(r).
3
Suppose -2*c - 2 = 10. Let i(p) = -p**2 - 6*p - 7. Determine i(c).
-7
Let k(u) = u**3 - u**2 - u + 3. Let w be (0/(-2))/(1 - 3). Calculate k(w).
3
Let k(p) = -p**3 - 3*p**2 - 2*p + 1. Suppose 0 = -2*m + 2*a - 4, -6 = 5*m + 4*a - 32. Let h be 4 - (m + -2 + 2). Suppose h*w = 4*w + 4. What is k(w)?
1
Let k = 3 - -1. Suppose 4*l - f = k, 0 = l - 2*f - f + 10. Let x(t) = -l*t - 3 + 3*t - 3*t - 1. Determine x(-5).
6
Let t(f) = f**3 - 6*f**2 + 6*f - 2. Let q be t(5). Let p be (-4)/(-2) + (q - 0). Suppose -p*b + 15 = -0*b. Let d(w) = -w**2 + 5*w - 1. What is d(b)?
5
Suppose 0 = -3*m + 1 + 8. Suppose m*w - 9 = -3*p, 5*p + 4*w + 0 = 16. Suppose -c = -10 + p. Let k(y) = -y**3 + 5*y**2 + 7*y - 4. What is k(c)?
2
Let h(y) = -y**3 + 3*y**2 + 7*y - 6. Let w be h(4). Let n(v) be the first derivative of 1/3*v**3 + 3 + 7*v - 7/2*v**2. Wh